3 + (-1 - -3) - -56. Let w = 12 + j. Is w composite?
False
Let m = 165 - 94. Is m a composite number?
False
Suppose 36 = -4*m - 0*m. Let g(a) = a**2 + 6*a + 1. Let p be g(m). Let c = 61 - p. Is c a prime number?
False
Is ((-23)/(-3))/((28/(-4))/(-105)) a composite number?
True
Let h = -1128 + 2082. Is 4/14 + h/42 a prime number?
True
Let f be (3*3)/(12/8). Suppose -f*n = -8*n + 370. Is n a composite number?
True
Let m be -2 + 0/2 + 8. Suppose -2*n - m*d + 3*d + 35 = 0, -46 = -4*n + 2*d. Is (n/(-4))/(3/(-12)) composite?
False
Let b(p) = 38*p**2 - 5*p - 1. Let u(l) = 38*l**2 - 6*l - 1. Let c(d) = 6*b(d) - 5*u(d). Is c(1) a prime number?
True
Suppose 0 = -c + 4*l + 26, -3*c - c - 3*l = -199. Is c prime?
False
Let b be 4 + -1 + -4 + 3. Suppose b*i = 6*i - 56. Is i prime?
False
Let w = 20 + -11. Suppose w - 226 = -r. Is r a prime number?
False
Suppose -3560 = -3*f + b, -7*f + 3*f + 4747 = -b. Is f a composite number?
False
Let d = 645 + -957. Let c = -179 - d. Is c composite?
True
Let u(t) = 4*t**2 + 4*t + 2. Suppose 6 = -f + 4. Is u(f) a prime number?
False
Suppose 0 = 2*u + 6, -2*t = 3*t + 2*u - 1699. Is t prime?
False
Let p(g) = -4*g**3 + 4*g**2 + 5*g + 1. Is p(-4) a prime number?
False
Let i = 91 + 163. Is i composite?
True
Suppose 0 = 7*i - 10*i + 42. Is (-3 - i/(-4))*98 composite?
True
Let b = 351 - 202. Is b composite?
False
Let k = 0 - 0. Let r = k + 3. Suppose -5*o - r*p = p - 109, 0 = -5*o - p + 106. Is o a prime number?
False
Suppose -6 = 2*g - 102. Let n = g - -113. Is n prime?
False
Suppose 2*f + 26 = -4*l, 5*f + 21 = -0*f + l. Let x = 13 + f. Suppose -x*j + 3*j = -175. Is j prime?
False
Suppose 4*s - 8*s = 0. Let b = -2 - s. Is b + 58/(-4)*-6 prime?
False
Suppose -5*g = -20 - 40. Let x = g + 3. Suppose 3*c = x + 144. Is c composite?
False
Let c be (-1)/(-4) + (-801)/(-12). Suppose -c = 2*t - 185. Is t a prime number?
True
Suppose -7*r + 2798 = -135. Is r composite?
False
Let i = 60 - -19. Is i composite?
False
Suppose 2*s + 5*i - 464 = 120, 4 = -2*i. Let x = s + -148. Is x composite?
False
Let h be -7 + 7 + 124/(-2). Is h/(-6) + (-10)/(-15) prime?
True
Let l = 6 - 1. Suppose m - 5*u - 61 = -3*u, 0 = -l*u - 5. Is m prime?
True
Let y = 68 - 48. Let n = -5 + y. Is n prime?
False
Let v(y) = -y**3 - 7*y**2 - 4*y + 5. Is v(-9) prime?
False
Suppose -7*g + 3*g = -2652. Suppose 5*s + 2*m = g, 0*s + 3*s - 2*m - 401 = 0. Is s a composite number?
True
Let s(x) = 4 + 2*x + 2*x - 1. Let d(z) = 4*z + 2. Let u(m) = 4*d(m) - 3*s(m). Is u(1) prime?
True
Let w = 21 - 13. Suppose -h + 45 = -w. Is h a composite number?
False
Suppose 5*z + 0*s + 763 = 3*s, 5*z + s = -759. Let v = z - -271. Is v composite?
True
Suppose -2*v = 4*r - r - 265, 4*r - 4*v = 360. Is r a prime number?
True
Let u(h) be the first derivative of 45*h**2/2 - h + 1. Let f = 3 - 1. Is u(f) prime?
True
Let a be (1/(-3))/(2/(-11358)). Suppose 2*q + q - a = 0. Is q composite?
False
Let w(p) = 70*p**2 + p + 2. Is w(3) composite?
True
Let a be 4/8*1*-2. Let b(w) = -3*w - 1. Let k be b(a). Suppose -4*m + 23 = 3*p, -k*m = 4*p - 2*p - 18. Is p prime?
True
Let k = -226 + 463. Is k a composite number?
True
Let r = 37 + -21. Let s = r - 7. Suppose 3*m - 102 - s = 0. Is m a prime number?
True
Suppose 7*r - 2*r - 565 = 0. Is r a prime number?
True
Let r be (-3)/(-4) + (-3)/4. Suppose 2*g = -r*g - 4*z + 112, 4*g + 3*z - 219 = 0. Suppose t + t = 4*w - g, 2*w - 33 = -5*t. Is w a composite number?
True
Suppose -6*l + 102 = -5*l. Suppose 2*y = -1 - 5, -l = -5*s - y. Is s a composite number?
True
Suppose 8*d = 5*d - 30. Is (d/4)/(2/(-1004)) prime?
False
Let s(u) = -u**3 + 8*u**2 - 7*u - 4. Let h be s(7). Is h/(-6) - 235/(-3) a composite number?
False
Suppose 2*z = x + 12, 4*x + 0*x = -3*z - 15. Let q be 29*4*(7 + x). Suppose -3*v - q + 497 = 0. Is v a prime number?
True
Let v(w) = w**2 - 12*w - 7. Is v(30) a prime number?
False
Let x(n) be the second derivative of n**5/20 + n**3/6 + 2*n**2 + 4*n. Let l be x(0). Suppose j + f - 474 = -3*j, 8 = -l*f. Is j composite?
True
Let l(z) = -z**3 + 7*z**2 + 11*z - 3. Is l(7) prime?
False
Let b = 112 + -35. Suppose -279 = -4*r + b. Is r prime?
True
Suppose -10*g + 7*g = -1398. Is g composite?
True
Suppose 3*s + 75 = 720. Suppose -5*b + s = -0*b. Is b a prime number?
True
Suppose 23 = 5*a + 8. Suppose a*o + 0*o + 6 = 0. Is 1/o - 87/(-2) composite?
False
Let z = -4 - -9. Suppose -332 = z*x - 2217. Is x prime?
False
Let v be (3/(-2))/(24/(-4528)). Let o = v + 34. Is o a prime number?
True
Suppose 3*o - 2944 = 5*u, -953 = 6*o - 7*o - 4*u. Is o a prime number?
False
Let o(h) = -2 + 25*h + 0 + 1 + 43*h. Is o(1) a prime number?
True
Let a(p) be the third derivative of -p**6/15 - p**5/12 - p**4/12 + 4*p**2. Is a(-3) prime?
False
Let u(i) be the third derivative of 0*i + 0 - 1/24*i**4 - 1/120*i**6 - 1/60*i**5 + 2*i**2 + 11/2*i**3. Is u(0) composite?
True
Is (2 + -39)/((-4)/20) a composite number?
True
Let a(m) = 3*m - 9. Let k be a(-8). Let n = k + 86. Is n a prime number?
True
Let y(x) = 26*x + 3. Is y(7) a composite number?
True
Is 1 + (840/4 - 0) a prime number?
True
Suppose 9*o - 11*o = -654. Is o a composite number?
True
Let o(x) = 212*x**2 + x. Let d be o(-1). Suppose s - w + 0*w = 42, -5*s = -4*w - d. Is s a composite number?
False
Suppose -110 = -5*u - 5. Is -122*(-4)/(24/u) a prime number?
False
Suppose i - 19 = 2. Is i a prime number?
False
Let v(c) = -7*c + 9 + 2*c**2 + 0*c**2 - c**2. Let n be v(6). Suppose -2*i + n*w - 130 = -3*i, -3*w + 384 = 3*i. Is i prime?
True
Is (-11 + 9)*(-1559)/2 prime?
True
Let g(a) = -a**2 + 9*a + 4. Let k be g(9). Suppose k*q = -1 + 5. Suppose -2*h + q = -19. Is h a prime number?
False
Is 2/(-5) + (-1687)/(-5) a composite number?
False
Suppose -5644 = -2*s - 2*y, -2687 = 5*s - 5*y - 16767. Is s prime?
True
Suppose z + 1668 = 4*z. Suppose 0 = -3*t - t + z. Is t a composite number?
False
Let v = 8 + -6. Suppose -15*f = -18*f + 12. Suppose -4*g = -v*n + 302, f*n - g = -0*g + 625. Is n a prime number?
True
Suppose -10 = 2*j - 7*j. Suppose i - j + 5 = -5*p, -2*i = 4*p + 6. Suppose -2*z - 2*z + 36 = p. Is z composite?
True
Suppose 2*o = -3*g - 2, 3 = 3*g - o + 2. Suppose 2*i = -i, g = f - i + 2. Is 12 - (-1)/f*-2 prime?
True
Let i = -31 - -46. Suppose 5*m + 15 = -i. Let y = 9 + m. Is y a composite number?
False
Is ((-1137)/(-2))/(45/30) a prime number?
True
Let z(g) = -133*g - 1. Let y be z(-2). Let q = 16 + -16. Suppose -3*f - 2*f + y = q. Is f composite?
False
Suppose 2*r = -0*r. Suppose r*k - 3*k + 15 = 0. Let v(u) = 25*u - 4. Is v(k) prime?
False
Let g(j) = -j**3 - 3*j**2 - 3*j - 1. Let q be g(-2). Let y be 53/1 + 2/q. Suppose -y - 55 = -5*i. Is i prime?
False
Let t(v) = 21*v - 10. Let l(k) = -k + 10 - 8*k - 12*k. Let c(i) = -2*l(i) - 3*t(i). Is c(-7) a composite number?
False
Let x(j) = -5*j**2 - j - 3. Let z(r) = -4*r**2 - 2. Let f(o) = -5*x(o) + 6*z(o). Is f(-5) a composite number?
False
Let v = -13 - -9. Is v/(-22) + 828/44 prime?
True
Let l(g) = -33*g + 3 + 26*g - 1 + g**2. Let r be l(7). Let m(j) = 2*j**3 + 2*j**2 - j. Is m(r) a composite number?
True
Suppose 0 = -3*k + k + 124. Let s = k - 32. Let c = -15 + s. Is c a composite number?
True
Let x = -699 + 1330. Is x prime?
True
Let a(i) = -2*i**2 - i**2 - 6*i + 4 + 2*i + 2*i**2. Is a(-4) prime?
False
Let s(r) = -67*r + 3. Is s(-10) a composite number?
False
Let i(h) be the first derivative of h**6/120 + 11*h**5/60 + 3*h**4/8 - 5*h**3/6 - h**2/2 + 1. Let s(w) be the second derivative of i(w). Is s(-8) composite?
True
Let s be -1*126*-12 - -4. Suppose -3*o = o - s. Is o a prime number?
True
Let i = 2 + -3. Let t be (-2)/(-5)*(i + 6). Suppose -t*w + c = 6 - 23, 3*w + 3*c - 3 = 0. Is w composite?
True
Suppose c - 2*s - 8 = -1, 4 = 2*c + s. Let z = c - 1. Suppose 5*k - z*y = -5*y + 539, -537 = -5*k - 4*y. Is k a prime number?
True
Let i(z) = 7*z**2 - z - 8*z - 4*z**2 + 3. Is i(8) a composite number?
True
Let t(y) be the third derivative of -211*y**4/24 - 3*y**2. Is t(-1) a composite number?
False
Let r be (-2)/(-5) + (-264)/(-15). Let h be 28/(-1 - r/(-14)). Suppose 2*m - 3*z + 20 = h, -3*m - 4*z = -83. Is m a composite number?
True
Let f(k) = 7*k**2 + 5*k. Let c be f(-4). Let j = c - 9. Is j a prime number?
True
Let x = 122 + -71. Is x prime?
False
Suppose -x = -4*h - 499, x + x - 1